 -x**3 - 10*x**2 - 9*x + 10. Let t be m(-9). Let a = 5783 - t. Is a composite?
True
Let k(g) = -316*g - 3. Let p(y) = -y**2 - y + 36. Let s be p(0). Let z be (-12)/5 - s/(-90). Is k(z) prime?
False
Let g be ((-32)/28)/(-4) - 14804/(-28). Let a = g + -342. Is a composite?
True
Let a be (10/3 - 0)*(-19266)/(-845). Let w be 1/1*(-1287)/3. Let j = a - w. Is j composite?
True
Suppose 6812 = 5*l - 31108. Let p = l - -9809. Suppose -4*c + p = -3227. Is c a composite number?
True
Let p = -288 + 281. Is p/2 + 5949/2 a prime number?
True
Suppose -3*z - 144 = 3*z. Let h be (-1)/((-1)/(-2) - (-4)/z). Let v(l) = -249*l**3 - 2*l**2 - l - 7. Is v(h) a prime number?
True
Suppose -2*n = q - 14, -3*q - 5 = -4*n + 3. Suppose 2*j = -n*c + 45573, 5*j = -c + j + 9129. Is c composite?
True
Let k be 101/4 + (-15)/60. Let l be (k*37)/(-5 + 6). Suppose 2*i - 33 = l. Is i a prime number?
True
Let x(d) = -23*d**3 - 2*d**2 - 7*d - 13. Is x(-7) a prime number?
False
Let q be (9/15)/((1 - 0)/5). Suppose 0 = q*g + 2*u - 7836, 5761 - 542 = 2*g + 3*u. Is g a composite number?
True
Let i = 3 - 2. Let d(m) = -10*m**3. Let w be d(i). Is (-8692)/(-10) + 2/w composite?
True
Let q(s) = s**2 - s - 15. Let o be q(0). Let g = o - -17. Suppose 4*a = -g*y + 418, 2*y - 4*a - 557 + 179 = 0. Is y composite?
False
Let z be (13 - 208366/(-10)) + (-6)/10. Suppose 2*b = 5*p + 13914, 36*b - 2*p = 33*b + z. Is b a composite number?
False
Let a(j) = 68*j**2 + 6*j + 15. Suppose -2*i + 3*s + 3 = -2, 2*i = -s + 17. Is a(i) composite?
False
Is 71535 - (-1)/3*(-4 - 20) a composite number?
False
Let z(m) = -4 - 9 + 181*m + 26*m. Let d = -661 - -665. Is z(d) a prime number?
False
Let a(y) = 1213517*y**3 - y**2 - 91*y + 92. Is a(1) prime?
True
Suppose 20*n - 11157242 = -98*n + 12*n. Is n prime?
False
Suppose -111*g + 20334337 - 5881119 = -13806605. Is g prime?
True
Let a be (-13)/52 - (-993)/4. Suppose 0 = -0*x - 2*x - 4*m - 260, -a = 2*x - 2*m. Let d = x - -313. Is d composite?
True
Let r(l) = 108*l**2 + 29*l + 43. Is r(-4) a composite number?
True
Suppose 5*g - 12 = 3. Suppose g*y + k + 1983 = 4*y, 4*y - k - 7938 = 0. Suppose -y = -4*c - 457. Is c a composite number?
True
Suppose -11*h + 7*h + 4856 = 0. Let k = h + -531. Is k a composite number?
False
Let j be 8435/((-25)/(-5)) + -2. Suppose 0 = -3*m - 4*p - 58 + 2575, -2*m - 5*p + j = 0. Is m prime?
False
Let n(s) = 20 + 60*s + 15*s**2 + 5*s**2 + 16*s**2 - 33*s - 4*s**2. Is n(13) prime?
True
Suppose -167078 + 28566 = -176*z. Is z prime?
True
Is 6*9/54 + (-769584)/(-8) prime?
True
Is -11 - 1 - 16902263/(-161) a composite number?
False
Let n = 68 + -68. Suppose 5*w = o - 429 - 6758, o - 4*w - 7185 = n. Is o composite?
False
Let r = -104 - -126. Let d be (r/(-55))/((2 + 1)/(-15)). Suppose 3*f - 96 - 5865 = -2*l, -3*l + 3974 = d*f. Is f a prime number?
True
Let z(p) = p + 14. Let w be z(-14). Suppose w = -15*c + 8*c + 17199. Is c + ((-4)/(-5))/(8/20) prime?
True
Let k(a) = -a**2 + 12*a + 312. Let p be k(24). Is 10/(8162/(-2722) - p/(-8)) prime?
False
Let t(l) = -224*l + 13. Suppose 38*c - 108 = 34*c. Suppose c + 3 = -5*p. Is t(p) prime?
False
Suppose 78425 = 26*v - 1234497. Is v composite?
False
Let q be ((-2 + 1)*1 + 5)*1. Is (1 - 36226/q)*250/(-75) prime?
False
Let m(i) = 6024*i + 1817. Is m(4) a composite number?
False
Let x be (-24)/12*(1 + -2). Suppose v = -g + 14, -2*g + g + 27 = x*v. Suppose -3*r = -2*b + 83, -v - 29 = -b + r. Is b a composite number?
False
Suppose -26*y + 24*y = -u + 141257, 3*y = 3*u - 423771. Is u a prime number?
True
Suppose c + a = 3, 2*c - 9 = -3*a - 0. Suppose c = 5*b - 23662 + 6477. Is b composite?
True
Let h = 74101 + 49130. Is h a prime number?
False
Let d(n) = -1609*n + 558. Is d(-15) prime?
False
Suppose w = -4*b - 27, 0*b - 9 = 2*b - w. Let q be (-3)/6*b + 20/(-2). Is ((68/(-2))/(-2))/(q/(-49)) composite?
True
Suppose 2*q - 6324488 = -2*y, -166*y = -162*y - q - 12649021. Is y composite?
False
Suppose -10 = -k + 3*q + q, -4*q - 14 = -3*k. Let v be ((-28335)/60)/(k/(-8)). Let r = -606 + v. Is r prime?
True
Suppose 0 - 25 = 5*q, 4*k = -4*q + 52156. Suppose t - 5*t = -k. Is t prime?
False
Let k = -1811 - -3167. Suppose 4*m - k = m. Let b = -43 + m. Is b prime?
True
Let g = -426 - -429. Is (-5 - 1) + g - (0 + -298) prime?
False
Suppose 0 = -6*n + 2*n - 32. Is (4 + n - -5)/((-3)/(-24279)) a composite number?
False
Let n(g) = g**2 + g + 2. Let a(t) = 287*t**2 - 5*t - 1. Let u(l) = a(l) + 4*n(l). Is u(2) prime?
False
Let r(q) = -54251*q**3 + 3*q**2 - 6*q - 9. Is r(-1) a prime number?
True
Let x(v) = v**3 + 7*v**2 - 4*v - 33. Let g be x(-5). Let t be -3 + ((-4)/10 - g/(-5)). Suppose 554 = t*l - 618. Is l a prime number?
True
Let w = 44 - 42. Suppose 21889 = c + 5*u + 5553, -u = w*c - 32717. Is c composite?
False
Is (-12016446)/(-48) + (-51)/(-136) prime?
True
Let b(h) = -45386*h - 1129. Is b(-3) composite?
False
Let a = 38 + -44. Let f(u) = 15*u - 8. Let y be f(a). Let t = 191 + y. Is t a composite number?
True
Let n(h) = 7458*h**2 - 1. Is n(5) prime?
False
Let a(y) = y**2 + 10*y + 5. Let m be a(-10). Suppose h - 509 = -5*b, -m*h + 0*h + 2465 = 5*b. Suppose 3*f - 1626 = -h. Is f a prime number?
True
Suppose 7*b - 211614 - 349933 = 0. Is b prime?
True
Suppose 11*k - 6145 = -2141. Let t = k + 1257. Is t a prime number?
True
Let q(u) = -1187*u - 20 - 119*u**2 + 1388*u**2 + 604*u**2 + 1201*u. Is q(3) a composite number?
False
Let u be (-51974)/22 + 24/(-44). Let m = u - -3742. Is m prime?
False
Let z = 16 + -13. Suppose -z*a = 2*a - 35. Is 6645/13 + 279/(-39) + a prime?
False
Suppose r + 2*q = 2136, r = 2*r - 3*q - 2156. Let i = r + -1393. Is i a prime number?
True
Let a be (61 + -1)/(-5)*-4. Suppose a*o - 61*o = -125411. Is o prime?
False
Let m(h) = h - 36. Let c be m(36). Suppose -4*t + 5*f + 3427 = 0, c = -4*t + 3*f + 1145 + 2292. Is t a composite number?
False
Let n(j) = 11*j**2 + 31*j - 299. Let a be n(-25). Let o(p) = 429*p**3 + 3*p - 1. Let b be o(3). Suppose -8*g + b + a = 0. Is g composite?
True
Let u(t) = -t**3 + 47*t**2 - 6*t - 251. Is u(37) a composite number?
False
Let b = 450898 - 176457. Is b a prime number?
True
Suppose 11*g - 13 = -d + 7*g, 2*d + 4*g = 18. Is (321500/6)/d - (-4)/12 a composite number?
True
Let x be (-2 + 5)*2/(-6). Let q be (-6)/x*(-1191)/6*-2. Suppose 23*a - 17*a = q. Is a a composite number?
False
Suppose 23*o = 476251 + 133893. Suppose -17*r = 2*k - 19*r - o, -3*k = 4*r - 39757. Is k composite?
False
Suppose -4*r + 1223306 = 3*n, r - 305855 = 111*n - 107*n. Is r a composite number?
True
Let o(k) = 15942*k - 7819. Is o(53) prime?
True
Let d be (12/(-9))/(8/18). Is -499*(-3)/(-6)*(-5 - d) a composite number?
False
Suppose 0 = 29*x - 246*x + 1002757. Is x prime?
True
Let d = 52059 - 42668. Is d a composite number?
False
Let s(m) = -4720*m**3 - 11*m**2 - 8*m + 3. Is s(-4) a prime number?
False
Let n(c) = c**3 + 15*c**2 - 33*c + 19. Let z be n(-17). Suppose -q + 5*j = -6511, z*j - 19328 = -4*q + 6760. Is q a composite number?
False
Suppose 4*u = 8*p - 7*p - 14153, 0 = 5*p - 2*u - 70711. Is p composite?
True
Is (-1*4999)/(13*(-13)/169) composite?
False
Let o = 6578 + -646. Suppose -2*q + 3472 + o = 0. Is q/8 - (-12)/(-16) composite?
False
Let q = -6278 - -45100. Suppose 0 = 3*v - s - q, 3*s + 73436 = 5*v + 8734. Is v a prime number?
True
Suppose -211*y + 215*y - 16 = 0, 0 = 3*i - 5*y - 51679. Is i composite?
True
Suppose 41*l - 677943 + 153922 = 0. Is l a composite number?
False
Let j(o) = -1195*o - 10. Let x be j(1). Let a = x - -2266. Is a prime?
True
Is (-15 + 369102/(-18))/(2 + (-8)/3) prime?
True
Suppose -5*l + 4*l = 3*z - 315, 0 = 4*l + 2*z - 1260. Is 1/(15/(-2)) - (-170457)/l composite?
False
Suppose 3*v + c = 14, -5*c = -5*v - c - 5. Suppose -v*l = -8 - 13. Is (40950/49)/6 - 2/l a prime number?
True
Suppose 3*n = -11 - 22. Let p(q) be the first derivative of -q**3/3 - 25*q**2/2 + 9*q + 369. Is p(n) composite?
False
Let v(q) be the first derivative of q**4 - 10*q**3/3 + 5*q**2/2 - 10*q - 9. Let f be v(7). Is 0 + 4 - 4 - -1*f prime?
True
Let g be ((-10)/(-25))/(3/15). Suppose 4*d + i - 168 = 5*i, g*i + 42 = d. Let r = 335 - d. Is r a prime number?
True
Let d = 124 + -119. Suppose d*p + 2*f = 6839, 2*p - 1881 = 2*f + 849. Is p a prime number?
True
Suppose -98*l + 130862 = -94*l - 2*w, 4 = -4*